e first derivative of -i**3/3 + 7*i**2/2 - 6*i + 2. Let q be t(4). Calculate the greatest common divisor of q and 66.
6
Suppose 2*a = h + 107 - 8, a - 51 = h. Calculate the highest common factor of 8 and a.
8
Suppose -3*g - 4*n = -g - 4, -5*g - 3*n = -10. Suppose g*j + 461 = -0*y + 5*y, -3*y + 5*j = -288. Calculate the highest common factor of 13 and y.
13
Let p = 11 + 5. Let q(j) = 2*j**2 - 3*j - 3. Let z be q(5). Calculate the highest common factor of p and z.
16
Let k = -1 + 3. Suppose 5*u + k*p = 684, -5*p = -u - 2*p + 130. Let r = 7 - -10. What is the highest common divisor of u and r?
17
Suppose -4*u + 3*q = -63, -9*u - 3*q = -12*u + 48. What is the greatest common divisor of 120 and u?
15
Let n be (6 - 5)/(1/(-9)). Let b be ((-12)/(-5))/(n/(-30)). What is the greatest common factor of b and 12?
4
Let v = -11 + 19. Let i = -5 + v. Suppose 33 = -2*u + i*u - 3*r, -2*u = r - 66. What is the highest common divisor of u and 11?
11
Suppose 0 = 36*w - 44*w + 272. Calculate the greatest common divisor of 153 and w.
17
Let o be -12*((-4)/(-6) + 0). Let w = 4 - o. What is the highest common factor of w and 12?
12
Let u(r) = -r**3 - 5*r**2 - 3*r - 7. Let p be u(-5). Let g(d) = -10*d + 1. Let i be g(-5). Let x = i - 19. Calculate the greatest common divisor of x and p.
8
Let w = 9 - -2. What is the greatest common factor of 11 and w?
11
Suppose -2*v = -14 + 2. What is the highest common divisor of 24 and v?
6
Let t(n) = -n**2 + 7*n - 3. Let p be t(5). Let b = -2474 - -1700. Let l be 6/(-15) + b/(-10). What is the highest common factor of p and l?
7
Let i(n) = -n - 9. Let a be i(-9). Suppose -4*j + l + 0 + 36 = 0, 2*l = a. What is the greatest common factor of 9 and j?
9
Let t = -13 - -18. Suppose -2*r + 2*z = -2*z - 12, -5*z + 105 = t*r. Calculate the highest common factor of r and 112.
16
Let c = 7 - 2. Let u(l) = -l**2 - c*l - 2*l**3 + 0*l**2 + 0*l**2 - 7 - 4*l**2. Let x be u(-5). What is the greatest common factor of x and 13?
13
Let o(p) be the third derivative of -p**4/24 + 3*p**3/2 - p**2. Let d be o(5). Let i be 15/d*(1 - -3). What is the highest common factor of i and 135?
15
Let n be (-26)/(-8) + (-1)/4. Suppose -3*o + 0 = n*v - 33, o - 3*v + 9 = 0. Suppose 5*z - 168 - 42 = 0. Calculate the highest common factor of z and o.
6
Let o = 42 + -41. Let z = -9 + 20. What is the greatest common divisor of o and z?
1
Suppose 4*b = -0*b - 12, 0 = -2*i - 2*b + 6. Let a be (5/2)/(2/4). Suppose -a*j - 45 = -10*j. Calculate the greatest common factor of i and j.
3
Suppose -6*i - 164 = -8*i. Suppose 3*m = -10 + i. What is the greatest common factor of 4 and m?
4
Let g be 32/5*(6 - 1). Let p(b) = b**3 - 12*b**2 + 11*b - 1. Let r be p(11). Let i be (-27)/(-6) - r/(-2). Calculate the greatest common factor of i and g.
4
Suppose k + 2*k = 0. Suppose k*x + 148 = x. Let o = x - 88. Calculate the highest common divisor of o and 24.
12
Let x be (-329)/(-3) - 1/(-3). Suppose -82 = -8*l - 2. What is the highest common divisor of x and l?
10
Let i(u) = -u + 1. Let j be i(-1). Let l be 40/1*2/5. Calculate the highest common factor of j and l.
2
Suppose -4*c = -2*v - 60, c = -c + 5*v + 30. Let j = c + 60. Suppose -4*t + 78 = -4*f + 6, 4*t - 5*f = j. Calculate the greatest common divisor of t and 5.
5
Suppose u + 9 = -44. Let w = -35 - u. What is the highest common factor of 2 and w?
2
Let d(b) be the second derivative of 11*b**4/12 - 5*b**3/6 - 2*b**2 - 2*b. Let c be d(-3). Calculate the highest common factor of c and 10.
10
Let v = 34 - -146. What is the greatest common divisor of v and 18?
18
Let k(x) = -28 + 39*x**2 + 28 - x. Let l be k(-1). Suppose 64 = h + 3*h. What is the highest common factor of l and h?
8
Suppose -7*w = w - 176. What is the highest common divisor of 33 and w?
11
Let b(n) = 5*n**2 + n + 2. Let h be b(-1). Calculate the greatest common divisor of 15 and h.
3
Suppose 0 = 5*k - 3*m - 6 - 0, -2*k - 2*m - 4 = 0. Let q be 0 - 0 - (k - 0). Suppose q = -2*g + 3*g - 24. What is the greatest common factor of g and 6?
6
Let d be (1 + -2)*15/(-5). What is the greatest common factor of d and 33?
3
Suppose -7*x - 3*p + 335 = -2*x, 0 = -3*x - p + 197. Calculate the highest common divisor of 8 and x.
8
Let k = 4 + -2. Calculate the highest common divisor of k and 4.
2
Let z be (2/(-1))/((-2)/4). Suppose 26 = 2*f - z*h, -5*f + f = 2*h - 2. What is the greatest common factor of f and 21?
3
Let w(u) = 2*u**2 + 2*u - 7. Let o be w(-5). What is the highest common factor of o and 3?
3
Let p be -2*(99/(-6))/(-1). Let y = p - -87. Calculate the greatest common factor of 6 and y.
6
Let s be 2 + (-1)/((-1)/(-5)). Let p = 1 - s. Let i be -1*(-2 - (34 - 0)). What is the greatest common factor of p and i?
4
Let z = -37 + 54. Let d = 210 + -91. Suppose r = 2*r - d. What is the greatest common factor of r and z?
17
Suppose 5*x + 3*g = 26, 2*x - 29 = 3*g - 6. What is the highest common divisor of 7 and x?
7
Let n be 2/(-4)*-114 + -1. What is the highest common factor of n and 7?
7
Suppose 5*y = 3*v - 61, -2*y + 7*y + 25 = 0. What is the greatest common factor of v and 3?
3
Suppose 174 + 456 = 15*l. Suppose -8*u = -4*u + 3*x - 68, 40 = 2*u + 3*x. What is the greatest common factor of l and u?
14
Let h be (-26)/(-6)*(-6)/(-2). What is the highest common divisor of h and 169?
13
Suppose 1 - 9 = -v. Suppose 9 = -2*b + 1. Let m(d) = 6*d**2 + d - 4. Let c be m(b). Calculate the greatest common factor of v and c.
8
Suppose -4*p - b + 32 = 0, 3*p - 4*b = b + 47. Let c = 1 + 26. What is the highest common divisor of c and p?
9
Let p be (6*1/(-4))/((-1)/2). Calculate the highest common factor of p and 33.
3
Let h be 14*33/6 - (3 - 1). Calculate the highest common factor of 30 and h.
15
Suppose m - 2*m = -r + 3, m + 19 = 5*r. What is the highest common factor of 2 and m?
1
Let i = 127 + -116. What is the greatest common factor of 11 and i?
11
Suppose 3*w + 24 = 5*w. Suppose -5*a - 40 = -10. Let c(i) = -i**2 - 5*i + 14. Let m be c(a). What is the greatest common factor of m and w?
4
Let s(c) be the third derivative of c**5/20 + 5*c**4/24 + c**3/3 + 2*c**2. Let x be s(-3). Calculate the highest common divisor of 35 and x.
7
Let o = 69 - -19. Let w be (-9)/6*352/(-24). Let t = 33 - w. Calculate the highest common factor of t and o.
11
Let v be -7*(0 - 4 - 3). What is the greatest common factor of 7 and v?
7
Let k be (-90)/7*-3*42/27. What is the highest common factor of 24 and k?
12
Let j = -8 + 25. Let f = j + -9. Let u be 2/(-8) + (-65)/(-4). Calculate the highest common factor of f and u.
8
Let n = 20 + -15. What is the greatest common divisor of 30 and n?
5
Suppose 14 + 11 = 5*t - 5*h, 0 = 4*h - 4. Suppose a - 4*a + 288 = 0. Let k = -42 + a. What is the greatest common factor of t and k?
6
Let b = 11 + -5. Suppose b*g = g - 225. Let h be (-2915)/g + 4/18. What is the highest common divisor of 26 and h?
13
Suppose 40 = 7*h - 3*h - q, 0 = 3*h - 2*q - 30. What is the greatest common divisor of h and 25?
5
Let j(y) = y + 25. Let w be j(-10). What is the greatest common divisor of 9 and w?
3
Let f(d) be the second derivative of -3*d**5/20 - d**4/3 - d**3/2 - 2*d. Let k be f(-2). Calculate the highest common factor of k and 21.
7
Suppose 3*h = 7 + 2. Let c be -24 - (-4)/(4/h). Let q be ((-36)/c)/((-3)/(-21)). What is the greatest common divisor of q and 48?
12
Let z(h) = -12*h**3 - 14*h**3 + 1 + 9*h**3. Let c be z(-1). Suppose r + 2*r = c. Calculate the greatest common factor of r and 3.
3
Let s be ((-28)/(-12) - 3)*-9. Let u(h) = h**2 - 6*h + 3. Let n be u(s). Let j = -15 - -30. What is the greatest common factor of n and j?
3
Let i = 62 + -32. Calculate the greatest common factor of 75 and i.
15
Let g(u) = -u**2 + 9*u - 2. Let r be g(6). Suppose -r*c = -18*c + 48. What is the highest common divisor of c and 24?
24
Let b(v) = 9*v**2 - 1. Let i be b(-1). What is the greatest common divisor of 88 and i?
8
Let h be (-5 + 6)/((-1)/(-102)). Let s(j) = -2*j**3 - j**2 - 4*j - 3. Let c be s(-2). What is the highest common factor of h and c?
17
Suppose -2*u + 8 + 40 = -4*v, 3*u - v = 57. Calculate the greatest common divisor of 45 and u.
9
Let q = 155 - 68. What is the highest common divisor of 58 and q?
29
Suppose 0*l = -3*l + 12. What is the greatest common factor of l and 36?
4
Let b(v) = 2